 + 3195 = u. Let l = h - 100. List the prime factors of l.
3, 7
Let v(k) = -k**3 + 2*k**2 - 3*k + 2. Let x(y) = -y**2 - 9*y - 18. Let b be x(-6). Let o be v(b). Suppose o*w + 101 = 403. What are the prime factors of w?
151
Let p(c) = c**3 - 9*c**2 + 2*c - 17. Let w be p(9). Let g be (3 + w)/(4 + -5). What are the prime factors of (-354)/g - (-5)/(-10)?
2, 11
Suppose -210 = 30*g - 27*g. Let t = g - -293. List the prime factors of t.
223
Let p(a) = 4*a**2 + 6*a. Suppose -5*g - 5*x + 25 = 0, g + 4*g - 22 = -2*x. What are the prime factors of p(g)?
2, 11
Let a(z) = -z**2 - 2*z - 4. Let f be a(0). Let o(m) be the first derivative of -9*m**2/2 - 3*m + 22. List the prime factors of o(f).
3, 11
Let u be ((-32)/44)/((-14)/77). What are the prime factors of 16/(-20)*((-8914)/u + 1)?
2, 3, 11
Let i(m) = 4*m**2 - 14*m - 8. Let d be (9/(-5))/(51/(-425)). List the prime factors of i(d).
2, 11, 31
Suppose -3*w - 3 = -0*w. Let a(j) = -321*j - 6. Let s be a(w). Suppose -3*q + s = 117. What are the prime factors of q?
2, 3, 11
Suppose -29*q + 103480 + 339582 = 0. List the prime factors of q.
2, 7639
Suppose 426 = -2*u - 2*d - 238, -2*d - 328 = u. What are the prime factors of 917 + (u/147 - (-2)/7)?
3, 5, 61
Let t(a) = 37*a**2 + 6*a + 55. Let b be t(-5). Suppose -2*l - b = -s, -10*s = -15*s - 5*l + 4675. What are the prime factors of s?
2, 5, 47
Let h = -6562 - -10192. What are the prime factors of h?
2, 3, 5, 11
List the prime factors of 347/(4/14 + 25*(-325)/31500).
2, 3, 347
Let n = -91 - -47. Let l = n + 16. What are the prime factors of 35/l - -2 - (-538)/8?
2, 17
Suppose -4*a - 768 - 141 = -3*b, 0 = 3*b + 5*a - 936. List the prime factors of b + -10 + 5 - -7.
3, 103
Suppose -7*b + 43 = -209. Let t = b - 33. List the prime factors of 181 - 10/(15/t).
179
Let j be (1/1)/(1 + 0). Let v be ((-1)/j)/(2 - (-27)/(-15)). Let s(p) = -p**3 - 2*p**2 + p + 9. What are the prime factors of s(v)?
79
Suppose -3*j = i + j - 11, -3*j - 25 = -4*i. Let p(a) = 25*a + 23. What are the prime factors of p(i)?
2, 3, 11
Suppose -108*p - 28620 = -114*p. List the prime factors of p.
2, 3, 5, 53
Let i = 11159 + -4175. What are the prime factors of i?
2, 3, 97
Let k = -1378 + 774. List the prime factors of (6/(-1))/(3 - k/(-200)).
2, 3, 5
Let v(i) = i**3 + i + 276. Let h be v(0). Let m = 239 + -234. Suppose -m*p = -4 - h. What are the prime factors of p?
2, 7
Let j(v) = 204*v**2 - v. Let p be j(1). Let q(r) = r**2 + r - 69. Let g be q(-9). Suppose 333 = 4*t - t - 5*u, 2*t - p = -g*u. What are the prime factors of t?
2, 53
Let h = 52293 - 21310. List the prime factors of h.
30983
Suppose 258 = 3*v + 28*k - 24*k, 3*v + 5*k - 252 = 0. What are the prime factors of v?
2, 47
Let s = -253 + 273. What are the prime factors of 539 - ((-14)/(-8) - (-5)/s)?
3, 179
Let k(o) = 9*o**2 - 22*o + 30. List the prime factors of k(27).
3, 1999
Let h = 503 + 1461. What are the prime factors of h?
2, 491
Suppose 0 = -11*g + 15*g - 36. Suppose -g*h + 14*h - 335 = 0. Suppose -64*d - 159 = -h*d. List the prime factors of d.
53
Let v(g) = g**3 + 10*g**2 + 11*g + 21. Let z be v(-9). Suppose 0 = 5*m + 4*o + 119 - 1621, -2*o + 900 = z*m. List the prime factors of m.
2, 149
Suppose p = -3*p + 3*p. Suppose 3*t = g - 884, p*g - t - 1768 = -2*g. List the prime factors of g.
2, 13, 17
What are the prime factors of (26 + -27 - 9994/8)*(-88)/3?
2, 11, 1667
Let z(d) = -d**3 - 10*d**2 - 8*d + 5. Let q be z(-9). List the prime factors of q/(-6) - ((-16144)/6)/8.
337
Suppose -292*s - 39402 = -2*f - 288*s, 5*s - 19708 = -f. List the prime factors of f.
17, 19, 61
Let p(k) = -3*k**2 + 2*k - 4. Let d(o) = 0*o**2 - 59*o + 1 + 60*o - o**2. Let s(j) = -4*d(j) + p(j). List the prime factors of s(10).
2, 3
Let n = -845 - -1839. What are the prime factors of n?
2, 7, 71
Let t be (-4 - -4)*(-5)/10 + -2. Let x(o) = -o**2 + o + 1. Let v be x(0). What are the prime factors of (-40 - v)*2/t?
41
Let j be (-5 + 8 + 1)*5. Suppose 3*s = -s + j, -3*u - 2*s + 22 = 0. Suppose 136 = u*q - 108. What are the prime factors of q?
61
Let w(i) = 122*i + 143. Let o = 98 - 93. What are the prime factors of w(o)?
3, 251
Let p(m) = 2*m**3 - m**2 - 6*m + 5. Let o be p(2). Let c(y) = o*y + 6 + 2 + y**2 + 4. List the prime factors of c(5).
2, 31
Let z(u) = u**3 + 39*u**2 - 5*u - 55. List the prime factors of z(-19).
2, 3, 5, 11
What are the prime factors of ((-4)/(-12))/((-1)/286795*25/(-15))?
41, 1399
Suppose 0 = -30*z + 26*z + 64. Suppose -z*j + 6877 - 221 = 0. List the prime factors of j.
2, 13
Let u(i) = 3*i + 1. Let k be u(1). Suppose k = q + 4*c - 32, 5*q + 3*c = 146. Suppose 53 - q = 5*h. What are the prime factors of h?
5
Suppose -1204*m + 58500 = -1191*m. What are the prime factors of m?
2, 3, 5
Let w = -4432 + 14554. List the prime factors of w.
2, 3, 7, 241
Let u(w) = 3*w**2 + 6*w + 17. Let t be 1/(-3) + 2 - (-3)/9. Suppose 0 = -k + t*k + 6. List the prime factors of u(k).
89
Let l(i) = 11*i**2 - 80*i - 122. List the prime factors of l(30).
2, 7, 17, 31
Let x be 5 - (9/(-3))/1. Let v be (-12)/(-36)*-3 + 11. Suppose 4248 = v*p + x*p. List the prime factors of p.
2, 59
Let z = 18110 - -51626. What are the prime factors of z?
2, 23, 379
Let q = -76 - -166. Suppose -2*b + 317 = 5*y, -3*y + 5*b = -q - 125. Let a = y + 16. List the prime factors of a.
3
Let x(j) = -544*j - 1956. What are the prime factors of x(-13)?
2, 1279
Let p(o) = -185*o**2 - 14*o + 4. Let i(j) = 369*j**2 + 30*j - 9. Let t(w) = -6*i(w) - 13*p(w). What are the prime factors of t(2)?
2, 5, 7, 11
Let t = 32685 - 14655. What are the prime factors of t?
2, 3, 5, 601
Let z = 592 + -330. List the prime factors of z.
2, 131
Let d be 4/(3*-8) - (-23547)/18. Suppose -2*a - 4*h - 84 + d = 0, -3*a + 1858 = -5*h. What are the prime factors of a?
2, 7, 11
Suppose 2*a + 2 = -5*r - 13, -2 = -3*r + a. Let u be -1 - r - (-14)/7. Suppose -u*d - 284 = -4*d. List the prime factors of d.
2, 71
Let s be -9*(-125)/(-20)*4. List the prime factors of (s/12)/(33/(-616)).
2, 5, 7
Let k be -1*(3 + -1) + 6. Suppose -3699*n + 378 = -3697*n. Suppose -q = -k*q + n. List the prime factors of q.
3, 7
Let z(l) = -3*l**2 + 3*l**2 + 57*l + 3*l**2 - 41*l. Let q = 18 + -12. List the prime factors of z(q).
2, 3, 17
Let k be 734/6 + ((-84)/(-18) - 4). Let c be ((-8)/(-5))/(4 + k/(-30)). Let i = 39 + c. List the prime factors of i.
23
Let x(p) be the first derivative of p**3/3 + p**2/2 + 6*p - 12. Let l be x(5). Suppose 0 = -38*t + l*t + 366. List the prime factors of t.
3, 61
Suppose 22*t = 6*j + 24*t - 22352, -4*j - t = -14902. List the prime factors of j.
2, 3, 23
Let c(x) = 74*x**3 + 3*x**2 + 4. Let i be c(3). Suppose 1691 = 15*p - i. What are the prime factors of p?
2, 31
Let s(n) = 116*n**2 - 149*n - 2941. What are the prime factors of s(-19)?
2, 3, 6961
Let o = 703 - 13. Suppose -1021 - 386 = -4*c - 5*j, 2*c - o = 2*j. What are the prime factors of c?
2, 3, 29
Let b = -337 + 656. Suppose 38*o - 31*o - 1337 = 0. Let v = b - o. List the prime factors of v.
2
List the prime factors of (11 + -17)*(-1)/(9/37248).
2, 97
Suppose 22 = -2*p + 4*d, 3*p - 3 = 13*d - 57. Let s(y) = -11*y - 16. Let x(f) = 10*f + 16. Let v(g) = 3*s(g) + 2*x(g). List the prime factors of v(p).
7
Suppose r - 5482 = 4*g + 24725, 0 = r - 2*g - 30217. What are the prime factors of r?
167, 181
Let s(x) = 7381*x + 21. List the prime factors of s(2).
14783
Let b = 184 + -165. Suppose -b*o + 602 = -1564. List the prime factors of o.
2, 3, 19
Let x = -14729 + 15872. What are the prime factors of x?
3, 127
Let g = 2058 + 2549. What are the prime factors of g?
17, 271
Let m be 10 + 8/(-2) - 4. Suppose -6 = -2*s, 4*l + 5*s - 23 = 4*s. Suppose -229 = -l*h - 0*h + m*z, 4*h - 3*z - 186 = 0. List the prime factors of h.
3, 5
Let t = 0 - -4. Let i be ((-1)/t - -1)/((-3)/72). What are the prime factors of (-1118)/(-8) - i/(-24)?
139
Suppose -19*t + 26264 = 10*t - 1112. What are the prime factors of t?
2, 59
Suppose -25 = 2*a - 97. Let o(d) = -d**2 + 44*d**3 + a*d**3 + 94 - 81*d**3 + 83 - 2*d. List the prime factors of o(0).
3, 59
Let v(j) be the third derivative of 37*j**5/60 + 17*j**4/24 - 32*j**3/3 - 5*j**2 + 16*j. List the prime factors of v(4).
2, 149
Let r be 30/(-75) + ((-2334)/(-10))/1. Let b = 624 - r. List the prime factors of b.
17, 23
Let j(n) = 245